f (17 - 19 - (-4 - (24 + 7)) - -7) + -6?
34
Calculate (-1564 - -1631) + (-60 - 4).
3
What is the value of -131 + -6 + -33 + (47 - 22)?
-145
What is the value of -3 + -4 + -1 + 0 - (-35 + -24 + 6)?
45
Evaluate -5 + (24 - (12 + -10 + 10)) - (-51 - 0).
58
What is 10 + (8 - 25) - (-53 - -66)?
-20
Evaluate -17 - (68 + -45 - -1).
-41
What is 171 + -88 + (-94 - -100)?
89
Calculate 8 + 2 + (-67 - (-6 + -59)).
8
What is (3 + (-14 - -9) - 102) + (-26 - -24 - -5)?
-101
What is the value of -40 - (-2 + 4 + -4 + -1 + (-52 - -59))?
-44
What is -45 - -10 - (-384 - -312)?
37
What is 104 + (13 - 36) - (4 + 13 - -1)?
63
What is the value of 16 - (-98 - -50 - -43)?
21
What is -6939 + 6863 - (-110 - 2)?
36
What is the value of 9 - (2 + -11 - -33) - (9 + -57)?
33
(-86 - -43) + 33 - 25
-35
1 + 0 + 2 + 113 + -94 + (-88 - -98)
32
Evaluate 9 - (-39 + 61 + -9 + 2).
-6
What is the value of (-77 - -23 - -102) + -45?
3
Calculate 10 - ((-11 - 31) + (-23 - -29 - 11)).
57
What is the value of 110 - (65 + 35 + -42)?
52
What is -47 - -35 - (4 + (6 - (1 - 1)))?
-22
What is the value of 8 + -23 + (-47 - -49 - (1 + 60))?
-74
Calculate 22 - (11 - (14 - 6)) - -13.
32
What is the value of 0 - (-81 + (-49 - -54 - (-7 - 3) - 8))?
74
Evaluate (-1 + -3 - 54) + -3 - ((30 - 54) + 12).
-49
Evaluate 828 + -874 - (-3 - 1 - -4).
-46
What is 24 + 28 + (67 - 107)?
12
Evaluate -1 + 6 + 13 + (-1 - -2 - 1 - 0).
18
What is the value of -1 + 0 - (9 + -8) - -31 - -9?
38
Calculate -1 + -3 - (-1357 + 1302).
51
What is -1 + 0 - (21 + (2 - 6 - (62 - 65)))?
-21
-24 - -63 - -21 - 58
2
Calculate 9 + -36 + -9 + 25.
-11
What is 47 - 134 - (-23 + 6 + (9 - 7))?
-72
Calculate 12 - (16 + 78 + -52).
-30
Calculate -11 - (50 + -31 + -22).
-8
Evaluate 18 - (166 + 115 + -158).
-105
Evaluate 3651 - 3680 - (1 + 4 + -3 + -20).
-11
Calculate 59 + (112 - 211) - 48.
-88
Calculate 1 + -5 - (136 - 69) - 17.
-88
(59 - (-2 + 1)) + (560 - 300 - 245)
75
Calculate 82 + 4 + 78 + -106 + 13.
71
What is the value of (-97 - (3 - 0)) + (-16 - -56)?
-60
Evaluate (-11 + (8 - -10) - (1 + -1)) + (-18 - -52).
41
43 + (18 + -27 - (-9 - 4 - -1))
46
Calculate (3 - 3) + 67 - 30.
37
Evaluate (-18 + 10 - -17 - -13) + (-5 - 77).
-60
(3 - 121) + (-1 - 5 - 0) - (-11 - 3)
-110
Calculate -24 + 46 + (-24 - -14).
12
What is (6 + -30 - -12) + 3 + (35 - 4)?
22
1 - 36 - (12 + (-15 - -12) + 0 - -1)
-45
Calculate -2 + (12 + 0 - (3 + 13)).
-6
Evaluate (-59 - 43) + (-2 - (4 - 4) - -9) - -5.
-90
(-2 - 13) + 7 + -13 + -6
-27
What is the value of -61 - -88 - (75 + 6 - -5)?
-59
What is the value of 28 - (26 + (8 - 21)) - (-2 + -16)?
33
Calculate 414 - 360 - (-22 - (-12 - -3)).
67
What is -8 - 6 - ((4 + -2 - 71) + 3)?
52
What is the value of -6 - (-14 - (-7 + 14)) - 32?
-17
Evaluate 44 + 26 + -32 + 21 + 5.
64
What is the value of 28 + 0 - (-123 + 49 + 43)?
59
What is the value of 16 + -21 + -10 - (-89 - -6)?
68
Calculate -333 + (150 - -176) - (1 - 140).
132
Evaluate 31 - (-11 - (32 + -56)).
18
What is the value of (-26 + 104 - 71) + -27?
-20
What is the value of 224 + (-23 - 152) - (1 + -1 + (0 - 2))?
51
Evaluate -24 + 5 + (8 - (102 + (-11 - -1))).
-103
Evaluate 9 - (-11 + 13) - 61 - (-9 - 3).
-42
(2 - 7) + 2 + (12 - 7) + -46
-44
Calculate (-1539 + 1510 - (-24 + -1)) + 25.
21
Calculate -113 + 85 - (-25 + -2) - (0 - -114).
-115
Calculate -68 - (-125 + 95 - -9).
-47
(2 + 8 + 4 - -16) + 4
34
What is 5 - (95 - 208) - 116?
2
Evaluate 56 + -25 - ((4 + 6 - 10) + -11).
42
What is the value of (14 - 2) + -123 + 107 - 35?
-39
What is (-104 + -3 + 30 - -4) + 18 + 7 + 2?
-46
What is the value of -2 + (7 - -6 - (2 + -1)) + 17 + 37?
64
Calculate -1 - (3 + -31) - (-40 + 7 + 21) - -12.
51
-1 + 0 - (-5040 + 5054)
-15
Calculate 73 + -11 + -9 + (-68 - -96).
81
-13 - (-27 - -30 - 31)
15
What is -35 - (7 + -60 + 39) - (-52 + 1)?
30
Calculate -53 + 75 + -106 + 10.
-74
What is 69 + (67 - 59) + (-4 - 5) + -2?
66
What is the value of 7 - (-14 - ((1 + -9 - 1) + -574 + 573))?
11
Calculate -2 + 101 + 2 + -1507 + 1520.
114
What is the value of 4 + -2 - (0 - (-1 - -19) - (-8143 + 8219))?
96
72 + -67 + 24 + -176 + -1
-148
Calculate (-25 + -1 + 2 - (659 - 667)) + 125.
109
59 + (-26 - 7) + -11
15
What is 15 - (-10 - -6) - (283 + -266)?
2
(-1 - (-7 - 0)) + -71856 + 71879
29
What is the value of (77 - 68 - 111) + -23?
-125
Evaluate 127 + -130 + 0 + 12 + -50.
-41
-84 + 27 + (-189 - -142)
-104
Evaluate (-1 - (12 + -2)) + (-20 + -1 + 63 - 1).
30
What is 5536 + -5598 + (1 - -46)?
-15
Evaluate -65 + 111 + -57 + -38.
-49
Calculate -1 - 14 - (448 - 452) - (-23 + 2).
10
Calculate -3 - -44 - 54 - ((0 - -2) + -2).
-13
Evaluate 21 + (-44 - 71) + 127.
33
Calculate -13 - (3 + 5 + -6) - (103 + -255).
137
What is (95 - 126 - -165) + -239?
-105
(1 - 19 - (-503 + 529)) + 6
-38
What is 11 + (0 + -12 - -16) + -2 + (36 - 3)?
46
What is (-55 + 108 - 35) + -17?
1
(-12 + (10 - -49) - 8) + (3 - 1)
41
Calculate 13 + (-80 + 190 - 70).
53
What is -6 + 7 - (76 + (62 - 38))?
-99
What is -1 + -16 + (-20 - (1 - 23))?
-15
Evaluate 82 + -108 + 78 + -9.
43
17 - 18 - (-62 + 36) - 13
12
What is -31 - (-58 - (-56 - -37)) - (0 - -1)?
7
What is the value of (-85 - -186) + 13 + -21 + -1 - 10?
82
What is the value of -53 - (-24 + 21 + -2 + -10)?
-38
What is the value of (-36 - (12 + -43)) + 122?
117
Evaluate (4583 - 4597) + (0 - 30) + 2 + -4.
-46
What is the value of -14 + (13 + (3 - -2) - -32)?
36
(-2 - -46) + (-54 - (38 + -91))
43
Calculate -22 + -17 + (28 - 7) + 72.
54
Evaluate -22 - -61 - (-5 - 16) - 2.
58
Evaluate -10660 + 10687 + (-50 - (2 + -4)).
-21
Evaluate 1 + (6 - (6 - 4)) + 32 - (42 - 41).
36
What is (38 - 7) + 2 + -13 - 21?
-1
(0 - 27) + (186 - 104) + -72 - 3
-20
Evaluate -44 + -3 + -84 + 108 - -56.
33
Calculate (-91 - -159) + -81 - -100.
87
What is the value of (0 - 9) + 29 + -2 + -20 + -1?
-3
Evaluate 62 + -88 + (11 - 4) + -18 + (-1 - -4).
-34
What is the value of 21 + -3 - (-66 + 9 - -138)?
-63
Calculate (-127 - -104) + (-4 - -69).
42
Evaluate 109 + -110 - ((-1 - (-3 + -1)) + 2).
-6
What is the value of (15 + (-6 - -2) - 2) + -13 - (-12 - 2)?
10
4 - (-130 - -132) - (28 + 1)
-27
What is (11 - (-3 + -22 + 21)) + 118 - 10?
123
Evaluate (-46 - 1) + 25 + 21 + -11 + -36.
-48
Evaluate (36 - (53 + -13 + -22)) + 5 + -16.
7
Calculate (-2 - -10) + (14 - (20 - (-4 - 5))) - -142.
135
Calculate (-5 - (17 - 20)) + (2 - (0 - 4)).
4
What is (142 - 127) + (9 - -34) + -10?
48
Calculate -47 - 65 - 13 - -64.
-61
What is 6 + (36 - (5 + 1)) + -31?
5
77 + 3 - (6 + (14 - 15))
75
10 + 5 + -8 + 0 + 1 - -23
31
What is the value of -3 + (-289 + 309 - (-1 + 0))?
18
What is the value of 34 + -48 + (22 + -5 - -8)?
11
Calculate (-15 - -17) + (33 - -13) + -38.
10
Calculate -528 + 500 - (2 - -42) - (-3 - 2).
-67
Evaluate 101 + -141 + -37 - 17.
-94
What is 0 + -61 + 0 + 29 + 32 + (-114 - -63)?
-51
(114 - -17 - 6) + (-8 + 8 - 12) - 0
113
Calculate -12 - ((-3 - 47) + -8 + -2 + 4 - 12).
56
Calculate -48 - (-91 - -64) - (-1 - 62).
42
What is -18 - (-49 + 41 + (-3 - 0) + -2)?
-5
What is 5 + 25 + -17 + 18 + -8 + 21?
44
1 - -35 - (-59 - -35 - -129)
-69
Calculate -3 + 4 + 4 - ((21 - -2) + (15 - 31)).
-2
Calculate (-6 - ((6 - 19) + 9)) + -3 + -19.
-24
What is the value of 72 + -29 - 95 - -8?
-44
What is the value of -167 + 223 - (0 + (2 + -2 - (-1 - 8)))?
47
What is 38 + (-9 - (35 + 19))?
-25
What is the value of -65 + (20 + -3 - 7) + -10 - (-4 - -3)?
-64
11 + (-2 - (-5 - -5)) + -12 + 14 + -60
-49
Evaluate 0 + 32 - (8 - -1 - (-99 + 132 - 20)).
36
Evaluate -64 + (11 + -1 - (-18 - (-23 - -8))).
-51
What is (17 - (3 - 1) - (3 - 0)) + -30?
-18
Calculate 12 - (-1 + 21 + -23).
15
Evaluate (-17 + (8 - 0) - 40) + 7 - -12.
-30
Evaluate (87 + -67 - -2) + (1 - -7) + (7 - 11).
26
What is 91 - (82 - 5) - (-1 - 35) - 4?
46
Calculate (164 - (-25 + 87)) + -24 - (0 - 11).
89
What is -5 + 4 + (16 - (-11 - -23)) + -24?
-21
What is the value of -38 + -5 + (16 - 10 - (10 - 1 - 3))?
-43
(-75 - -70) + 39 - (2 - 23)
55
Evaluate 28 - 18 - (3 + (4 - -1)) - 22.
-20
What is 8 + 48 + -66 + -48?
-58
Calculate -5 + 73 + (-4 - (3 + -8) - -8) + -13.
64
Calculate 3740 + -3719 - (0 + (2 - (-9 - 2))).
8
What is the value of -9 - (19 - (41 + -92 - -43))?
-36
-7 + 2 + (-42 - -36) - -39 - (-6 + 14)
20
What is the value of (7 - 5 - 26) + 20 + 19 + -29?
-14
Calculate 32 + -197 + 219 + 26 + 1.
81
What is 